 a(-5). Let c(f) = f**3 - 6*f**2 + 7*f - 3. Calculate c(x).
7
Let u(y) be the first derivative of y**5/120 - y**4/12 + 21*y**3 + 48. Let g(p) be the third derivative of u(p). What is g(0)?
-2
Let k(o) = -4*o - 5. Let t be 572/6*(0 + 6). Suppose -t + 112 = 4*v. Let f be (-1)/3 - (v/(-15) - 4). Give k(f).
11
Let j(n) = n**2 - 2*n**2 + 3*n**2 - 2*n - 1 + 0*n. Suppose 5*g - 34 = -4*w, -6*w + 3*w = -3. Let p be g + 4 + -10 + 3. Calculate j(p).
11
Let a(k) = k**2 + 6*k + 6. Let g = -23 - -28. Suppose -2*p = -p - 5*c + 4, 2*p + g*c = 22. Suppose -p*b - 2*b = 48. Determine a(b).
6
Suppose 3 = 24*y + 3. Let p be (-2)/(-8) - 105/(-28). Let x(n) = -p + y + 1 + n. What is x(-3)?
-6
Let b(p) be the first derivative of -p**3/3 + 30*p**2 + 245*p - 231. Give b(-4).
-11
Let l(x) = 2*x + 38*x**2 - 101*x**2 + 2*x - 4 + 29*x**2 + 37*x**2. Determine l(4).
60
Suppose -4*x - 101*i + 96*i = 2, 5*x = -7*i - 4. Let u(s) be the second derivative of -7*s**3/3 + s**2 + s. Calculate u(x).
-26
Let s(x) = x - 1. Let y(k) = k + 8. Let c be y(-6). Let d(h) = 89 + 86 - 172 - c*h. Let t(i) = d(i) + 4*s(i). Give t(4).
7
Let u(b) be the third derivative of b**4/8 - b**3 - b**2. Suppose 0*x - x = -2*x - 12*x. Let i be u(x). Let s(p) = p**2 + 7*p. Determine s(i).
-6
Let y(j) = -j**2 - 4*j - 4. Let n be (9 - 13)*-1*(-58)/(-8). Suppose 0 = r - 5*z + 2*z - n, -4*z = 5*r - 164. Suppose 10*g + r = -28. What is y(g)?
-16
Suppose -2*k = -22 - 40. Suppose -32*g + k*g + 1 = 0. Let t(p) be the first derivative of 8*p**3/3 + p**2/2 - p - 3. Determine t(g).
8
Let q(p) = p**3 - 3930*p**2 + 3916*p**2 - 4*p - 4 + 25 + 47. What is q(14)?
12
Let h = -39 - -59. Let d(t) = t**3 - 20*t**2 - 2*t + 40. Let s be d(h). Let y be s + 117/(-15) + 2/(-10). Let b(z) = 2*z - 3. What is b(y)?
-19
Let y(h) = -h**2 + h - 2. Suppose -2*q + 62 = -2*s, -q = 5*s + 4*q + 135. Suppose -2*v = 23 - 81. Let w = s + v. What is y(w)?
-2
Let w(b) = -b - 9. Let t be 12*(-6 + 3)/(0 - 6). Suppose 20 = -t*i + i. Give w(i).
-5
Let a(s) be the second derivative of 7*s**3/2 + 71*s**2/2 - 1514*s. What is a(-4)?
-13
Let a(m) = m**3 + 2*m**2 - 3*m + 1. Let p be (293 - 1) + -8 + 15. Suppose -p*r - 18 = -293*r. Give a(r).
1
Let a(m) be the first derivative of 9*m**2/2 - 7*m - 1715. Give a(6).
47
Let c(x) = -18*x**2 - 102*x - 134. Let g(q) = 11*q**2 + 62*q + 89. Let r(p) = 5*c(p) + 8*g(p). Determine r(-9).
6
Let n(s) be the first derivative of -7*s**4/4 - 3793. Give n(-1).
7
Let n be 132/(-11)*2/(-6). Let m be (-3)/3*(3 - n). Let s(z) be the second derivative of -z**5/20 - z**4/6 + z**3/3 - z**2/2 + 75*z - 2. Give s(m).
-2
Let z(c) = 8*c + 2 + 3 - 7 - c**2 + c**3 - 6*c**2. Let j(r) = -47*r - 370. Let d be j(-8). Give z(d).
10
Suppose 1 = -z - j, 0*j - 14 = 4*z + 2*j. Let b(d) be the third derivative of -3*d**2 + 0*d - 1/10*d**5 + 0 - 1/12*d**4 - 1/3*d**3 - 1/120*d**6. Calculate b(z).
10
Let u be 27 + -9 - 1 - 23. Let i(j) = j**2 - 1. Let a(g) = -2*g**2 + 6*g + 2. Let q(n) = -a(n) - 3*i(n). Give q(u).
1
Let x be (-250 + 248)*180/8. Let s(q) = q**3 + 44*q**2 - 42*q + 126. What is s(x)?
-9
Let y(q) = 2*q - 9. Suppose 2*t - 2*p = -8 - 6, 2*t + 2 = -2*p. Let u be (t/(-14))/(2/42). Determine y(u).
3
Let o(v) = -v**3 - 16*v**2 - 2*v - 10. Let w(y) = 19*y**3 + 2*y**2 + 3*y + 4. Let r be w(-1). Calculate o(r).
22
Let g(u) = u + 12. Let a = 83 - 78. Suppose -a*h = -i + 57, -i + 3*i - 2*h = 90. Suppose 54 + i = -16*p. Determine g(p).
6
Suppose -w + 2*l + 4 = -16, 3*w = -5*l + 115. Let z(o) = -3 + 34*o - 2 - 68*o + w*o. Determine z(4).
-21
Let c(m) = 581*m**3 - 133 - 151 + 295 + 15*m**2 - 580*m**3 + 55*m. Determine c(-9).
2
Let b(h) = -h**3 + 20*h**2 - 36*h + 34. Let x(c) = 9*c**3 - 183*c**2 + 323*c - 309. Let f(r) = 19*b(r) + 2*x(r). Calculate f(11).
-27
Suppose -7*k = -4*k. Suppose r + 7 - 2 = k. Let x(v) be the third derivative of v**5/60 + 7*v**4/24 + 5*v**3/6 + 26*v**2. What is x(r)?
-5
Let a(u) be the second derivative of u**4/12 + 2*u**3/3 - 9*u**2/2 - 4254*u - 2. Determine a(6).
51
Let w(t) be the third derivative of -t**6/120 + 7*t**5/30 - 5*t**4/12 - 5*t**3/2 + 18*t**2 - 19*t. Calculate w(13).
24
Suppose -2*g + 3*m + 10 = 0, -3*g - 765*m + 768*m + 12 = 0. Let l(k) = -3*k**2 - 5*k + 5. Give l(g).
-17
Let n(g) = -4*g**3 + 4*g**2 - 7*g + 5. Let z be n(1). Let x(p) be the third derivative of 5*p**4/24 + p**3/3 - 5*p**2. Give x(z).
-8
Suppose 3*b - 4 = 2*b. Let w(h) be the second derivative of 0 + 1/20*h**5 - 1/3*h**4 + 1/6*h**3 + 0*h**2 - 89*h. What is w(b)?
4
Let p(l) = 45*l + 2. Let y(r) = -65*r - 105. Let v(f) = -2*p(f) - y(f). Determine v(4).
1
Let g(v) = v**2 + 14*v. Let o be g(-14). Suppose -4*u - 11 + 19 = o. Let y(z) = -2 - 1 + u - z + 4. Give y(5).
-2
Let y = 52 - 49. Suppose -5*m + 3 = r, y*r - 16 + 7 = -2*m. Let b(c) = c**2 + 2*c + 3. What is b(m)?
3
Suppose 328*o = 291*o. Let p(r) be the third derivative of 1/8*r**4 + 0*r + o + 7*r**2 + 2/3*r**3. Determine p(3).
13
Let v(n) = -47*n + 4*n**2 + 0*n + 5*n + 41*n + n**3 - 2*n. Calculate v(3).
54
Let w(a) = -a**3 + a**2 - 3*a + 5. Let h be w(0). Let j(q) = 3 + 1 + h*q + 4*q - 6. Determine j(1).
7
Let b(i) be the first derivative of -4*i - 1/4*i**4 + 42 - 5/2*i**2 + 2*i**3. Determine b(4).
8
Let f be (888/296)/(3/8). Let q(l) = -2*l**2 + 13*l + 18. Give q(f).
-6
Let f(r) = r - 6. Let a = 48 + -48. Suppose -15*c + 172 + 23 = a. Calculate f(c).
7
Let t = 71 - 32. Suppose 37*f - 65*f = -924. Let l = f - t. Let h(x) = x**2 + 4*x. Determine h(l).
12
Let d(i) = -3*i**2 - 2*i + 2. Let f be -4*(21/15)/(40/(-50)). Suppose 0 = 2*v + z, -3*v = -z - z - f. Determine d(v).
-3
Let a(w) = w**3 + 6*w**2 - 7*w + 7. Let j be (-3)/3 + (-40)/(-1). Let d = -33 + j. Suppose l = 2*g - 1, 5*g - d = -0*l + 3*l. What is a(l)?
7
Let s(w) be the first derivative of w**4/4 + 5*w**3/3 + w**2/2 - 4*w + 3. Suppose -36*u + 120 = -24. Let j be -6*(u + (-49)/14). Give s(j).
11
Suppose 0 = -5*l + 2*h + 25, 4*h = 14*l - 15*l - 17. Let n(f) = f**3 - 3*f**2 - 1. Calculate n(l).
-1
Suppose -4*h + 20 = -4*a, 302*h + 6 = 3*a + 306*h. Let q(i) = i**2 - 7*i - 10. Calculate q(a).
8
Let a be (19/(-95))/((-4)/120). Let c(i) = i**3 - 3*i**2 - 12*i - 6. What is c(a)?
30
Let l(f) = -6*f**2 - 6*f + 3. Suppose 20*q = 44*q - 0*q - 48. What is l(q)?
-33
Let v(z) = 353 - 707 + 354 + 19*z. Determine v(-4).
-76
Let c(m) = -15*m**2 + 2*m. Let q(j) = 56*j + 1234. Let l be q(-22). Determine c(l).
-56
Suppose 3*m + 4*t - 23 = 2*m, 0 = -2*m - t + 11. Let f(o) = 24 - o - 17 + 10*o**2 - 131*o**3 + 130*o**m. Calculate f(10).
-3
Suppose -16*g + 16 = -14*g. Let s(l) = 0*l**2 + 15 + 5*l**2 + g*l - 3*l**2 - 13. What is s(-6)?
26
Let s(d) be the first derivative of 25*d**2/2 + 323*d + 10486. What is s(-13)?
-2
Let k(f) = 5*f - 31. Let a(m) = 10*m**3 - 16*m + 17. Let v be a(1). Determine k(v).
24
Let v(i) = -i**2 - i - 2. Let j(w) = -7*w**2 + w - 14. Let f = 525 - 519. Let m(r) = f*v(r) - j(r). What is m(7)?
2
Let z(y) be the first derivative of -y**3/3 + 19*y**2/2 + 15*y + 11. Suppose -5*q + 25 = 0, -27*u = -30*u - 4*q + 80. Determine z(u).
-5
Let l(q) = -q - 2. Let h be (-6783)/(-18) + (-35)/42. Let u = h - 374. Determine l(u).
-4
Let i(m) = m**3 + m**2. Let q be i(-1). Let z(v) = 6 + q - 3 - v. Suppose 39*l + 12*t + 120 = 41*l, -5*t - 21 = 4*l. Calculate z(l).
-3
Suppose 2*i + 5*l - 55 = 0, 5*i + l = i + 65. Let f be (i/7 - 3)/(3/(-14)). Let o(d) be the first derivative of d**4/4 - d**3 - 4*d - 20. Determine o(f).
12
Let v(a) be the second derivative of a**5/20 - a**4/6 - a**3/2 + 3*a**2/2 + 5*a. Let u = 3224 + -3222. What is v(u)?
-3
Suppose -367 = -18*z - 61. Let l(c) = 14 - c**2 + c**2 - z - c**2. Calculate l(0).
-3
Let p(a) = -a**3 - 6*a**2 + 5*a - 20. Suppose -b - 5*g - 37 = 0, g + 38 = 32. What is p(b)?
-6
Let s(t) be the first derivative of -7*t**3/3 - 17*t**2/2 - 13*t + 2039. Determine s(-2).
-7
Let j(z) = 183*z + 71. Let a(i) = 74*i + 35. Let u(y) = -10*a(y) + 4*j(y). Determine u(-8).
-2
Suppose -3*a + 17 = -w - 5, a - 3*w - 18 = 0. Let g(m) be the first derivative of -3*m**2/2 - m + 9373. Determine g(a).
-19
Let a(g) = -4*g**2 + 15*g + 27. Let f(t) = -3*t**2 + 11*t + 19. Let o(d) = -5*a(d) + 7*f(d). What is o(0)?
-2
Let l(w) = 108*w - 138. Let b(j) = 160*j - 227. Let g(c) = 5*b(c) - 7*l(c). Give g(4).
7
Let p(g) = -13*g. Let q(i) be the firs